NOAA-Style Climate Reports

Select a Year or Month report
2017: Gen Feb Mar Apr Mag Giu Lug Ago Set Ott Nov Dic

Report for 2017 Dicembre
´╗┐                   Monthly Climatological Summary for dic 2017

Name: Stazione Meteo Asciano   City: Asciano   State: Siena - Italia
Elevation: 231 m  Lat: S 00┬° 00' 00"   Lon: W 000┬° 00' 00"

                  Temperature (┬°C), Rain (mm), Wind Speed (km/h)

                                      Heat  Cool        Avg
    Mean                              Deg   Deg         Wind                 Dom
Day Temp  High   Time   Low    Time   Days  Days  Rain  Speed High   Time    Dir
----------------------------------------------------------------------------------
 1   3,2   9,7   12:53  -0,9   04:21  15,1   0,0   0,4   2,0  22,5   13:15     E
 2   6,2   9,2   13:48   3,4   00:47  12,1   0,0   0,0  10,3  43,5   14:00     E
 3   4,3   8,0   13:42   1,0   07:14  14,0   0,0   0,0   3,3  20,9   00:17   ENE
 4   2,3   9,6   14:40  -2,1   07:07  16,0   0,0   0,0   0,8  12,9   12:50    NW
 5   3,0  12,7   15:03  -2,4   07:24  15,3   0,0   0,0   0,2   6,4   12:24    NW
 6   4,7  12,8   14:45  -0,7   05:44  13,6   0,0   0,2   0,6  14,5   14:14     W
 7   5,9  10,9   14:06   2,1   00:47  12,4   0,0   0,2   0,4   8,0   08:05     N
 8   9,1  12,5   11:16   3,4   04:08   9,2   0,0   2,2   8,2  45,1   19:17   WSW
 9   4,6  10,1   00:00  -2,8   23:15  13,7   0,0   0,0   3,2  25,7   03:28   NNE
10   2,9  13,4   23:38  -5,2   04:58  15,4   0,0   0,6   4,8  53,1   23:34    SW
11  14,8  15,7   23:15  13,4   00:00   3,5   0,0   0,0  20,4  67,6   23:42    SW
12  11,1  15,9   03:26   8,0   23:48   7,2   0,0  21,6   4,9  53,1   00:29    SW
13   7,8  11,2   12:39   4,9   22:49  10,5   0,0   1,8   1,0  25,7   13:01     W
14   9,4  13,4   15:22   5,2   01:00   8,9   0,0   1,0   3,5  29,0   13:06   WSW
15  10,6  12,4   09:54   8,3   23:37   7,7   0,0  13,8   4,4  29,0   08:18   WSW
16   5,2   8,5   10:52   0,9   22:17  13,1   0,0  10,0   2,9  25,7   14:03    SW
17   2,4   8,9   13:10  -1,7   07:40  15,9   0,0   0,2   2,1  29,0   13:38   ENE
----------------------------------------------------------------------------------
     6,3  15,9    12    -5,2    10   203,6   0,0  52,0   4,3  67,6    11      SW

Max >=  34,0:  0
Max <=   0,0:  0
Min <=   0,0:  7
Min <= -10,0:  0
Max Rain: 21,6 on day 12
Days of Rain: 11 (>= 0,2 mm)  6 (>= 1,0 mm)  1 (>= 20,0 mm)
Heat Base: 18,3  Cool Base: 18,3  Method: Integration